ed by 264.
241
Calculate the remainder when 1415 is divided by 1382.
33
What is the remainder when 1257 is divided by 17?
16
Calculate the remainder when 42 is divided by 5.
2
What is the remainder when 140 is divided by 66?
8
What is the remainder when 275 is divided by 188?
87
What is the remainder when 150 is divided by 145?
5
Calculate the remainder when 1258 is divided by 90.
88
What is the remainder when 26199 is divided by 19?
17
Calculate the remainder when 1458 is divided by 122.
116
What is the remainder when 200 is divided by 70?
60
Calculate the remainder when 8119 is divided by 28.
27
Calculate the remainder when 14062 is divided by 293.
291
What is the remainder when 597 is divided by 100?
97
Calculate the remainder when 390 is divided by 7.
5
Calculate the remainder when 101 is divided by 16.
5
What is the remainder when 171 is divided by 61?
49
What is the remainder when 807 is divided by 15?
12
Calculate the remainder when 338 is divided by 66.
8
Calculate the remainder when 115 is divided by 39.
37
Calculate the remainder when 804 is divided by 57.
6
What is the remainder when 882 is divided by 145?
12
What is the remainder when 211 is divided by 39?
16
Calculate the remainder when 23 is divided by 19.
4
Calculate the remainder when 358 is divided by 105.
43
What is the remainder when 460 is divided by 309?
151
What is the remainder when 3195 is divided by 794?
19
What is the remainder when 10061 is divided by 34?
31
Calculate the remainder when 37 is divided by 21.
16
Calculate the remainder when 106 is divided by 4.
2
What is the remainder when 11 is divided by 2?
1
Calculate the remainder when 606 is divided by 25.
6
Calculate the remainder when 600 is divided by 149.
4
Calculate the remainder when 81 is divided by 47.
34
What is the remainder when 304 is divided by 62?
56
What is the remainder when 14349 is divided by 92?
89
Calculate the remainder when 437 is divided by 78.
47
What is the remainder when 450 is divided by 69?
36
Calculate the remainder when 9907 is divided by 9.
7
What is the remainder when 173 is divided by 89?
84
Calculate the remainder when 296 is divided by 140.
16
What is the remainder when 4580 is divided by 2281?
18
What is the remainder when 61 is divided by 22?
17
What is the remainder when 2783 is divided by 7?
4
Calculate the remainder when 1289 is divided by 30.
29
What is the remainder when 1045 is divided by 172?
13
What is the remainder when 1107 is divided by 137?
11
What is the remainder when 87 is divided by 46?
41
Calculate the remainder when 2687 is divided by 10.
7
What is the remainder when 3358 is divided by 259?
250
What is the remainder when 251 is divided by 68?
47
Calculate the remainder when 196 is divided by 5.
1
Calculate the remainder when 20632 is divided by 181.
179
Calculate the remainder when 53 is divided by 14.
11
Calculate the remainder when 2197 is divided by 25.
22
Calculate the remainder when 1205 is divided by 39.
35
What is the remainder when 182 is divided by 50?
32
What is the remainder when 610 is divided by 187?
49
Calculate the remainder when 686 is divided by 6.
2
Calculate the remainder when 160 is divided by 17.
7
What is the remainder when 106 is divided by 56?
50
What is the remainder when 458 is divided by 66?
62
What is the remainder when 381 is divided by 32?
29
Calculate the remainder when 65 is divided by 24.
17
Calculate the remainder when 6869 is divided by 30.
29
What is the remainder when 192 is divided by 59?
15
What is the remainder when 1658 is divided by 33?
8
What is the remainder when 2955 is divided by 174?
171
What is the remainder when 150 is divided by 27?
15
What is the remainder when 279 is divided by 20?
19
What is the remainder when 533 is divided by 49?
43
Calculate the remainder when 327 is divided by 8.
7
What is the remainder when 90 is divided by 30?
0
What is the remainder when 72 is divided by 23?
3
Calculate the remainder when 312 is divided by 63.
60
Calculate the remainder when 544 is divided by 128.
32
Calculate the remainder when 218 is divided by 26.
10
Calculate the remainder when 378 is divided by 127.
124
Calculate the remainder when 467 is divided by 77.
5
Calculate the remainder when 1924 is divided by 213.
7
What is the remainder when 305 is divided by 77?
74
What is the remainder when 298 is divided by 20?
18
What is the remainder when 658 is divided by 200?
58
Calculate the remainder when 189 is divided by 95.
94
Calculate the remainder when 221 is divided by 37.
36
Calculate the remainder when 832 is divided by 272.
16
What is the remainder when 313 is divided by 29?
23
What is the remainder when 941 is divided by 73?
65
What is the remainder when 1489 is divided by 45?
4
Calculate the remainder when 382 is divided by 121.
19
What is the remainder when 442 is divided by 145?
7
Calculate the remainder when 23 is divided by 8.
7
What is the remainder when 216 is divided by 10?
6
What is the remainder when 9872 is divided by 5?
2
What is the remainder when 717 is divided by 186?
159
What is the remainder when 1515 is divided by 40?
35
Calculate the remainder when 64 is divided by 52.
12
What is the remainder when 310 is divided by 115?
80
Calculate the remainder when 1272 is divided by 179.
19
What is the remainder when 5354 is divided by 11?
8
What is the remainder when 179 is divided by 64?
51
Calculate the remainder when 3579 is divided by 128.
123
Calculate the remainder when 4967 is divided by 70.
67
Calculate the remainder when 84 is divided by 42.
0
Calculate the remainder when 264 is divided by 49.
19
Calculate the remainder when 1622 is divided by 91.
75
What is the remainder when 790 is divided by 8?
6
Calculate the remainder when 146 is divided by 27.
11
Calculate the remainder when 187 is divided by 10.
7
Calculate the remainder when 72 is divided by 61.
11
What is the remainder when 136 is divided by 134?
2
Calculate the remainder when 530 is divided by 30.
20
Calculate the remainder when 342 is divided by 237.
105
Calculate the remainder when 924 is divided by 308.
0
What is the remainder when 277 is divided by 65?
17
Calculate the remainder when 243 is divided by 65.
48
Calculate the remainder when 2369 is divided by 125.
119
Calculate the remainder when 3525 is divided by 3522.
3
Calculate the remainder when 1678 is divided by 70.
68
What is the remainder when 248 is divided by 10?
8
Calculate the remainder when 28 is divided by 24.
4
What is the remainder when 2879 is divided by 4?
3
Calculate the remainder when 146 is divided by 21.
20
Calculate the remainder when 140 is divided by 14.
0
Calculate the remainder when 76 is divided by 30.
16
What is the remainder when 2870 is divided by 290?
260
What is the remainder when 3737 is divided by 170?
167
What is the remainder when 232 is divided by 40?
32
What is the remainder when 26459 is divided by 98?
97
Calculate the remainder when 123 is divided by 8.
3
What is the remainder when 699 is divided by 50?
49
What is the remainder when 1240 is divided by 81?
25
Calculate the remainder when 185 is divided by 47.
44
What is the remainder when 588 is divided by 3?
0
Calculate the remainder when 2881 is divided by 1438.
5
What is the remainder when 144 is divided by 35?
4
Calculate the remainder when 204 is divided by 41.
40
Calculate the remainder when 113 is divided by 29.
26
Calculate the remainder when 17 is divided by 9.
8
What is the remainder when 20 is divided by 12?
8
What is the remainder when 76 is divided by 16?
12
What is the remainder when 648 is divided by 93?
90
What is the remainder when 621 is divided by 14?
5
Calculate the remainder when 60 is divided by 13.
8
Calculate the remainder when 21545 is divided by 14.
13
Calculate the remainder when 1358 is divided by 170.
168
What is the remainder when 1397 is divided by 28?
25
What is the remainder when 868 is divided by 287?
7
What is the remainder when 174 is divided by 36?
30
What is the remainder when 911 is divided by 31?
12
What is the remainder when 42 is divided by 34?
8
What is the remainder when 1154 is divided by 133?
90
Calculate the remainder when 7629 is divided by 72.
69
Calculate the remainder when 257 is divided by 6.
5
Calculate the remainder when 205 is divided by 4